1387 composite?
False
Is 132797927 a composite number?
False
Is 78003635 a prime number?
False
Is 11530627 a composite number?
True
Is 20375569 prime?
True
Is 44843269 prime?
True
Is 3791479 composite?
False
Is 1978435 composite?
True
Is 19337159 composite?
False
Is 327683 a composite number?
True
Is 21323182 composite?
True
Is 3715427 composite?
True
Is 23691571 a composite number?
True
Is 217425147 composite?
True
Is 41244317 a prime number?
True
Is 9436837 a prime number?
False
Is 13756387 prime?
True
Is 264263 composite?
False
Is 115112357 composite?
True
Is 475393133 a prime number?
True
Is 44327077 a composite number?
True
Is 1288084321 prime?
True
Is 100356619 prime?
False
Is 2952743 prime?
False
Is 88727671 a prime number?
False
Is 5189043 a composite number?
True
Is 18604519 prime?
True
Is 139202879 a composite number?
False
Is 40516757 a composite number?
False
Is 2012287 a prime number?
True
Is 13339873 prime?
True
Is 5561242 a prime number?
False
Is 2963029 a prime number?
False
Is 691293 a composite number?
True
Is 20642033 prime?
False
Is 5863909 a composite number?
True
Is 3476107 prime?
False
Is 11296801 prime?
True
Is 11118509 composite?
True
Is 7701035 a composite number?
True
Is 967661 a prime number?
False
Is 27154657 composite?
False
Is 7327181 a prime number?
True
Is 9093523 a prime number?
True
Is 18209063 a prime number?
True
Is 4838657 a prime number?
False
Is 2480149 prime?
False
Is 1084003 a prime number?
False
Is 2047037 a prime number?
True
Is 29461877 prime?
True
Is 8571643 composite?
False
Is 280142491 prime?
False
Is 16221347 prime?
False
Is 40286602 prime?
False
Is 6959333 a composite number?
True
Is 153226081 a composite number?
False
Is 9888443 a prime number?
True
Is 122154853 prime?
True
Is 22632821 composite?
True
Is 27709793 prime?
False
Is 131190333 composite?
True
Is 307195363 prime?
False
Is 4805111 a prime number?
True
Is 2874311 a composite number?
True
Is 4509379 composite?
True
Is 16944757 a prime number?
False
Is 3013919 composite?
False
Is 6229723 a prime number?
True
Is 1815959 a composite number?
False
Is 4737521 a composite number?
False
Is 19905161 composite?
False
Is 2360894 composite?
True
Is 46635527 prime?
True
Is 108067 prime?
False
Is 41893861 prime?
False
Is 3200069 prime?
True
Is 1773929 composite?
True
Is 165010523 a prime number?
True
Is 407133257 a prime number?
True
Is 56891 prime?
True
Is 9663361 a composite number?
True
Is 4820533 prime?
True
Is 37823791 prime?
True
Is 121763 a composite number?
False
Is 8553053 composite?
True
Is 25147207 a composite number?
True
Is 11248073 a composite number?
True
Is 360215605 prime?
False
Is 3723575045 a composite number?
True
Is 52469213 composite?
True
Is 9442369 composite?
True
Is 10521887 a prime number?
True
Is 97891 prime?
False
Is 528743 prime?
False
Is 568903 prime?
True
Is 4280249 prime?
True
Is 18794077 a prime number?
True
Is 191861083 prime?
True
Is 2157433 prime?
False
Is 134619395 composite?
True
Is 312059337 a composite number?
True
Is 31154017 composite?
True
Is 6606191 composite?
False
Is 22803217 a composite number?
False
Is 93823 composite?
True
Is 5529943 composite?
True
Is 430875113 a prime number?
False
Is 5343761 prime?
True
Is 141880421 composite?
False
Is 399626443 a prime number?
False
Is 52395169 composite?
False
Is 148858571 a prime number?
True
Is 10562507 prime?
True
Is 226615327 a composite number?
False
Is 49872709 a prime number?
False
Is 14574133 composite?
True
Is 619759663 a composite number?
False
Is 1185281 a prime number?
True
Is 18039121 a composite number?
True
Is 10691 a composite number?
False
Is 10035067 a prime number?
False
Is 3701281 a prime number?
False
Is 6209483 a prime number?
False
Is 68578949 prime?
True
Is 20560997 composite?
True
Is 56136367 a composite number?
True
Is 805061 a composite number?
False
Is 1584265 prime?
False
Is 5991311 prime?
True
Is 27570013 composite?
False
Is 14172061 a composite number?
False
Is 24050639 composite?
False
Is 8827429 composite?
True
Is 288191 a prime number?
True
Is 60531715 prime?
False
Is 738677 composite?
False
Is 25727747 prime?
False
Is 5349091 prime?
False
Is 9922461 a prime number?
False
Is 5326957 prime?
True
Is 30061191 a prime number?
False
Is 66324697 a prime number?
True
Is 104608753 composite?
True
Is 16350643 a prime number?
False
Is 8286593 a prime number?
False
Is 126239837 prime?
False
Is 2391437 a prime number?
True
Is 1656199 a composite number?
False
Is 3664555 a composite number?
True
Is 19768157 composite?
False
Is 9782873 a composite number?
False
Is 3298769 a prime number?
True
Is 57128471 composite?
False
Is 290870849 composite?
False
Is 7112059 a prime number?
True
Is 13878457 a prime number?
True
Is 16088921 a prime number?
True
Is 698701 a prime number?
True
Is 3158297 a composite number?
False
Is 35251861 a prime number?
False
Is 95474273 a prime number?
True
Is 310257899 a prime number?
False
Is 4625183 prime?
True
Is 10305205 prime?
False
Is 21164567 prime?
True
Is 315567143 prime?
False
Is 581951873 prime?
False
Is 9746743 composite?
True
Is 13637537 prime?
True
Is 1845881 a prime number?
True
Is 11807359 prime?
True
Is 200160407 a prime number?
False
Is 14841203 a composite number?
True
Is 9348709 prime?
False
Is 24224591 prime?
True
Is 3741833 prime?
True
Is 72015607 a prime number?
True
Is 1532722871 a prime number?
True
Is 62515913 composite?
False
Is 212914061 a composite number?
False
Is 9091171 composite?
True
Is 9996229 a prime number?
False
Is 523342301 a composite number?
True
Is 677587 prime?
True
Is 54413813 prime?
False
Is 1250461 prime?
True
Is 4214173 a prime number?
True
Is 45905903 a composite number?
False
Is 212226691 a composite number?
True
Is 41774009 prime?
False
Is 14372927 a composite number?
True
Is 306615317 composite?
True
Is 246262843 prime?
False
Is 3025217 prime?
False
Is 12782255 composite?
True
Is 29464999 a composite number?
False
Is 6885511 a prime number?
True
Is 8970463 prime?
False
Is 4813999 a composite number?
True
Is 165151289 a prime number?
True
Is 529298413 composite?
True
Is 311812637 a composite number?
False
Is 55118711 a prime number?
True
Is 6792083 a composite number?
False
Is 3193258 a composite number?
True
Is 1672219 prime?
True
Is 30208051 composite?
True
Is 11302201 a composite number?
True
Is 99844453 prime?
False
Is 3206873 prime?
True
Is 4673047 prime?
False
Is 184235891 a prime number?
False
Is 68515541 composite?
True
Is 46122371 a composite number?
False
Is 90336313 composite?
False
Is 237496169 a composite number?
True
Is 59530817 composite?
True
Is 4442743 prime?
True
Is 25644499 prime?
True
Is 162977 a prime number?
False
Is 93421661 a prime number?
True
Is 102547729 a composite number?
False
Is 254994551 a composite number?
True
Is 80034433 a prime number?
True
Is 119942077 prime?
True
Is 16651253 prime?
True
Is 2103917 prime?
False
Is 6310039 a prime number?
True
Is 4340099 composite?
True
Is 1920839 a composite number?
False
Is 33061803 a prime number?
False
Is 15796903 a composite number?
False
Is 873371 a prime number?
False
Is 72878579 prime?
True
Is 4045402 composite?
True
Is 2979617 a composite number?
True
Is 23169649 a composite number?
True
Is 689183 prime?
False
Is 3155429 prime?
True
Is 840970489 a prime number?
False
Is 43925371 a prime number?
False
Is 151019 a prime number?
False
Is 1251941 prime?
False
Is 9789083 composite?
False
Is 40639457 a prime number?
False
Is 11580991 composite?
False
Is 46622743 composite?
False
Is 11442653 prime?
True
Is 1446713 a composite number?
False
Is 495721 prime?
False
Is 221002439 a composite number?
True
Is 41218141 a composite number?
False
Is 86158277 a prime number?
True
Is 59987045 a prime number?
False
Is 1123042 prime?
False
Is 616669 composite?
False
Is 21301431 a composite number?
True
Is 20580683 prime?
False
Is 610640609 prime?
True
Is 219540021 a prime number?
False
Is 110545853 prime?
False
Is 3899821 composite?
True
Is 2436501 a composite number?
True
Is 2926961 a composite number?
False
Is 57331109 prime?
False
Is 41223991 a prime number?
False
Is 4329142 composite?
True
Is 1482191 prime?
False
Is 2745137 composite?
True
Is 1743103 prime?
False
Is 10524209 a composite number?
True
Is 11